s divided by 607924.
480
What is the remainder when 8525237 is divided by 509?
505
Calculate the remainder when 2101997 is divided by 77848.
101
Calculate the remainder when 33318 is divided by 30948.
2370
Calculate the remainder when 44076 is divided by 5086.
3388
Calculate the remainder when 201295 is divided by 2614.
17
What is the remainder when 80089627 is divided by 107?
20
Calculate the remainder when 44675894 is divided by 15.
14
What is the remainder when 8337375 is divided by 2646?
2475
What is the remainder when 71096372 is divided by 965?
962
What is the remainder when 5884208 is divided by 9?
8
Calculate the remainder when 12199433 is divided by 106.
105
Calculate the remainder when 588230 is divided by 17300.
30
Calculate the remainder when 187360 is divided by 30818.
2452
Calculate the remainder when 188670 is divided by 188650.
20
What is the remainder when 42501595 is divided by 34?
31
What is the remainder when 1486783 is divided by 252?
235
What is the remainder when 12485339 is divided by 4404?
4403
Calculate the remainder when 29731689 is divided by 89.
82
Calculate the remainder when 87807477 is divided by 1195.
72
What is the remainder when 213571 is divided by 10662?
331
What is the remainder when 10147224 is divided by 67?
7
Calculate the remainder when 30489020 is divided by 15244479.
62
Calculate the remainder when 1721104 is divided by 320.
144
Calculate the remainder when 131469821 is divided by 21.
14
What is the remainder when 915331 is divided by 3676?
7
Calculate the remainder when 39086 is divided by 1828.
698
Calculate the remainder when 223107 is divided by 124.
31
Calculate the remainder when 361259 is divided by 1772.
1543
What is the remainder when 2629406 is divided by 11791?
13
Calculate the remainder when 10482571 is divided by 349419.
1
What is the remainder when 1279702 is divided by 1836?
10
Calculate the remainder when 13206 is divided by 6542.
122
Calculate the remainder when 580019 is divided by 52725.
44
Calculate the remainder when 45495 is divided by 438.
381
What is the remainder when 18998089 is divided by 63?
61
Calculate the remainder when 23185438 is divided by 14.
10
Calculate the remainder when 6168957 is divided by 51.
48
What is the remainder when 465560245 is divided by 8728?
8725
What is the remainder when 29726295 is divided by 126?
123
Calculate the remainder when 5386945 is divided by 3348.
13
Calculate the remainder when 13236682 is divided by 330917.
2
What is the remainder when 498981 is divided by 498945?
36
What is the remainder when 357334 is divided by 2276?
2
What is the remainder when 1453233 is divided by 363303?
21
What is the remainder when 1255999 is divided by 25?
24
Calculate the remainder when 111092572 is divided by 167.
164
What is the remainder when 1069672713 is divided by 6156?
6153
Calculate the remainder when 4628046 is divided by 234.
228
What is the remainder when 122285 is divided by 3218?
1
Calculate the remainder when 45447704 is divided by 77292.
8
Calculate the remainder when 658419 is divided by 18803.
314
What is the remainder when 2253807 is divided by 284?
267
What is the remainder when 42857 is divided by 726?
23
Calculate the remainder when 3035022 is divided by 1517499.
24
What is the remainder when 135606 is divided by 1433?
904
What is the remainder when 14844478 is divided by 40?
38
Calculate the remainder when 10317 is divided by 6352.
3965
Calculate the remainder when 4238873 is divided by 5541.
8
Calculate the remainder when 794137 is divided by 583.
91
What is the remainder when 1080101 is divided by 358528?
4517
Calculate the remainder when 3515941 is divided by 3830.
1
Calculate the remainder when 47952 is divided by 3993.
36
What is the remainder when 441290 is divided by 2566?
2504
Calculate the remainder when 1522437 is divided by 217489.
14
What is the remainder when 1700067 is divided by 849976?
115
Calculate the remainder when 1888320 is divided by 59010.
0
Calculate the remainder when 937718 is divided by 183.
26
What is the remainder when 190116509 is divided by 6?
5
What is the remainder when 23665 is divided by 22360?
1305
What is the remainder when 93738 is divided by 12038?
9472
Calculate the remainder when 8047788 is divided by 5720.
5468
What is the remainder when 398715153 is divided by 441?
438
Calculate the remainder when 30718 is divided by 9904.
1006
Calculate the remainder when 22022605 is divided by 30.
25
What is the remainder when 111205 is divided by 433?
357
What is the remainder when 141772 is divided by 254?
40
Calculate the remainder when 2156556 is divided by 804.
228
What is the remainder when 102334 is divided by 56?
22
What is the remainder when 121632 is divided by 418?
412
Calculate the remainder when 14949771 is divided by 4022.
4019
Calculate the remainder when 181300477 is divided by 10.
7
What is the remainder when 1413867 is divided by 1725?
1092
What is the remainder when 597645 is divided by 199179?
108
Calculate the remainder when 1316896 is divided by 1782.
1780
Calculate the remainder when 3258 is divided by 1011.
225
What is the remainder when 491869 is divided by 57?
16
Calculate the remainder when 28384091 is divided by 806.
801
What is the remainder when 6516776 is divided by 10?
6
Calculate the remainder when 23698 is divided by 5766.
634
Calculate the remainder when 54226 is divided by 18069.
19
What is the remainder when 1427205 is divided by 203845?
290
What is the remainder when 385422 is divided by 25694?
12
What is the remainder when 4126828 is divided by 825337?
143
What is the remainder when 136007 is divided by 45329?
20
Calculate the remainder when 24849136 is divided by 19.
5
Calculate the remainder when 9343509 is divided by 29.
28
Calculate the remainder when 560481 is divided by 1709.
1638
What is the remainder when 2455747 is divided by 125?
122
Calculate the remainder when 1117801 is divided by 30.
1
What is the remainder when 12168 is divided by 3012?
120
What is the remainder when 5113597 is divided by 55?
27
Calculate the remainder when 5037672 is divided by 41.
2
What is the remainder when 27430754 is divided by 221?
13
What is the remainder when 463012 is divided by 27233?
51
Calculate the remainder when 2744745 is divided by 457456.
9
Calculate the remainder when 12813991 is divided by 1237.
1145
What is the remainder when 8271194 is divided by 5474?
5454
Calculate the remainder when 11948469 is divided by 7866.
15
Calculate the remainder when 241902 is divided by 1111.
815
What is the remainder when 478870 is divided by 11343?
2464
Calculate the remainder when 34592001 is divided by 3680.
1
What is the remainder when 43865 is divided by 1317?
404
Calculate the remainder when 4128825 is divided by 220.
85
What is the remainder when 1121770 is divided by 165?
100
What is the remainder when 2764981 is divided by 1198?
1195
What is the remainder when 6656130 is divided by 3?
0
Calculate the remainder when 93895880 is divided by 345.
335
Calculate the remainder when 761330761 is divided by 769.
767
Calculate the remainder when 42666998 is divided by 500.
498
Calculate the remainder when 3014438 is divided by 508.
474
Calculate the remainder when 3355341 is divided by 3020.
121
What is the remainder when 2501538 is divided by 256?
162
Calculate the remainder when 66597 is divided by 66505.
92
Calculate the remainder when 131635 is divided by 32891.
71
What is the remainder when 289162 is divided by 1775?
1612
Calculate the remainder when 210200747 is divided by 2763.
2759
What is the remainder when 914777 is divided by 11434?
57
What is the remainder when 586476 is divided by 3450?
3426
What is the remainder when 1334099 is divided by 458?
403
Calculate the remainder when 19652 is divided by 3114.
968
What is the remainder when 15597439 is divided by 4950?
4939
Calculate the remainder when 61744 is divided by 2555.
424
What is the remainder when 167384 is divided by 1219?
381
Calculate the remainder when 70671407 is divided by 28.
23
Calculate the remainder when 11115 is divided by 2315.
1855
Calculate the remainder when 587997 is divided by 23518.
47
What is the remainder when 187737 is divided by 35?
32
What is the remainder when 3169 is divided by 2702?
467
What